s d(-11) a composite number?
True
Let c(a) = 4575*a**2 - 1139*a - 15. Is c(-14) prime?
True
Suppose -2350 = 20*p - 18*p. Let q = p + 2148. Suppose -1242 = -5*n + q. Is n prime?
True
Suppose m - 2*m = -241. Suppose 439 = 11*y + 1077. Let s = m - y. Is s a prime number?
False
Suppose i = 5*q + 56329, 6*i - q = 2*i + 225240. Let n = i + -38482. Is n a prime number?
True
Suppose -9*v + 2464990 = 13*v. Is v a prime number?
False
Let i(l) = l**3 + 86*l**2 + 661*l + 73. Is i(-75) a prime number?
True
Suppose 78094 + 2025011 = 15*a. Is a composite?
False
Let q = 1598 + -3355. Let u = 3680 - q. Is u prime?
True
Let b = 28576 - 8163. Is b a composite number?
True
Let b(g) = 23519*g**2 - 49*g - 37. Is b(-4) a prime number?
True
Suppose -4*d = -2*b - 4, -6 + 2 = 2*b + d. Let s be -3 - (b - 8)*12/(-30). Is ((-5241)/9)/(s/21) prime?
True
Suppose -4*i + 16*z - 14*z + 7606 = 0, -5*i - z = -9504. Is i a prime number?
True
Let x = 439858 - 304439. Is x a prime number?
False
Suppose 0 = 17*m - 66 + 15. Suppose 0*b + 24931 = 5*b - 2*z, -m*z = 3*b - 14967. Is b prime?
True
Suppose -3435170 = 2667*u - 2677*u. Is u prime?
True
Let r be 4/26 + 19/((-247)/(-1504826)). Is 1/9 - r/(-18) composite?
True
Suppose 5*d = d + 2871712 + 1060740. Is d prime?
True
Suppose 551 = 2*w - 4*p - 2179, -w - 3*p = -1355. Is w a prime number?
True
Let u = 580 - 578. Is (2982/(-12))/((-1)/u) composite?
True
Suppose 141*i = 134*i + 1890. Is ((-1094)/8)/(i/280 - 1) a composite number?
True
Suppose -29*l + 1073584 = -53501. Let i = l - 11960. Is i prime?
False
Let k be -14845 + (-5 + -5)/2. Let g = -6837 - k. Is g a composite number?
True
Suppose -88*l = -85*l - 39279. Is l a composite number?
False
Is 7 - (1172913/(-21) - (0 + 11)) a prime number?
True
Let m(k) = -254*k - 25. Let d be m(-13). Suppose -d - 384 = -7*s. Is s a prime number?
True
Let o be (-4)/(-1*2/8). Let w(b) = 1725*b - 91. Is w(o) composite?
False
Let d(k) = -2*k**2 - 31*k - 11. Let i = -15 - 0. Let w be d(i). Suppose -2159 = -4*r + 2*s + 1471, 5*r - 4531 = -w*s. Is r composite?
False
Suppose -413 = l - 3936. Is l a prime number?
False
Let j(a) = 10*a**3 - 6*a**2 - 2*a + 6. Let v be j(-4). Let k = 24027 - v. Is k a composite number?
False
Let s = 25570 + -14391. Is s a composite number?
True
Let y = 2334400 + -632643. Is y composite?
False
Let l(m) = 304*m**2 + 50*m + 473. Is l(-21) a prime number?
False
Suppose 42 = o - 4*d, -d + 3*d - 94 = -2*o. Suppose -o*v + 45*v = -4. Suppose 0 = -2*b + 4*l + 1254, -4*l + 807 + 1725 = v*b. Is b prime?
True
Suppose 5*y - 1345*l - 56708 = -1342*l, -3*l = 5*y - 56702. Is y prime?
False
Suppose -5*p + 2 = -g, 2*p + 3*g + 6 = -3*p. Suppose -40 = 14*m - 9*m. Is 1013 + 8/m*(2 + p) a composite number?
True
Let f(n) = -1991*n**2 + 21*n - 62. Let l be f(-17). Is (-44)/(-286) + l/(-26) composite?
False
Let t = 30989 - 19301. Suppose t = 21*x - 29409. Is x a composite number?
True
Let t(i) = 142*i**2 - 29*i - 18. Let r be t(10). Let h = 22753 - r. Is h a prime number?
True
Suppose 135*n - 147*n = -278724. Is n a prime number?
True
Suppose 5*m = 5*q - 630, -3*q + 3 = -3. Let o = m + 378. Is o a composite number?
True
Let i be (22229 - 2 - 3) + 8. Let x = i - 15163. Is x prime?
True
Let b be (12/(-16))/1*(1 + 43). Let f = 222 + b. Let c = f + -134. Is c prime?
False
Suppose -75175869 = -68*o - 68*o + 21979675. Is o prime?
False
Is (1 - (-3539)/4)/((-8761)/1252 + 7) composite?
True
Let r be (1*(-2)/4)/((-1)/4). Suppose -5*p + 12 = 2*z, -r*p - z = 4*z + 12. Suppose 0*g = p*g - 88. Is g prime?
False
Is -3 + (4169775/325 - (-3)/(-39)) composite?
True
Suppose -15*n - 47846 = -863681. Is n a composite number?
True
Let s(h) = -h - 40. Let f(o) = 2*o + 60. Let j(r) = -5*f(r) - 7*s(r). Let w be j(-8). Is w/20 + 2404/5 prime?
False
Let q be 6 - (-9)/(-1) - 1685. Let c = 3200 + -397. Let f = c + q. Is f a prime number?
False
Let q(c) = -c**3 + 6*c - 4. Let g be q(-3). Suppose -o + 0 + g = 0. Suppose -o*m - 62 = -7*m. Is m a prime number?
True
Is 28/(-1120)*16 + -2 + 3857127/5 a prime number?
False
Suppose -5 = 4*f + 35. Let i = f - 6. Is (-4)/i*0 + 677 a composite number?
False
Suppose 225277*u = 225258*u + 98173. Is u composite?
False
Let k(o) = 173*o**3 + 5*o**2 + 40*o - 171. Is k(7) a prime number?
True
Let z(k) = 4*k**3 - 80*k**2 - 32*k + 17. Let v be z(33). Suppose 16*d - 382187 = v. Is d composite?
False
Let x(z) = -2*z**3 + 239*z**2 - 66*z + 1273. Is x(116) composite?
True
Let g be 8/14*(-8)/16*-21. Suppose -9 = -b - 4*w, -2*b + w = -3*w + g. Is ((-54)/(-15))/((-5)/(-3075)) - b a prime number?
True
Let f(t) = 74*t**2 + 210*t + 43. Is f(24) a composite number?
True
Let n(g) = 5*g**2 + 13*g + 6. Let y be n(-10). Let f = y - 121. Let d = 442 - f. Is d composite?
True
Let f(c) = 15533*c - 272. Is f(3) composite?
False
Suppose 61632 = -3*u + 3*v, u - 2*v = 3*v - 20528. Let t = u + 31425. Is t prime?
False
Is (5 - (-80)/(-15))/(2960400/2960406 - 1) a composite number?
True
Let r(u) = -u**2 + 14*u + 331. Is r(20) a prime number?
True
Let j(u) = 220*u**2 - 67*u - 11. Let a be j(-5). Let d be (-1 + 39*102)*-1. Let w = a + d. Is w composite?
False
Let i(c) = 2*c**2 - 18*c - 7. Let h(l) = -2*l - 40. Let g be h(-33). Is i(g) prime?
True
Suppose 915 - 37465 = 5*g. Let u = 341 - g. Is u prime?
False
Suppose -13*g + 3 = -12*g. Suppose g*i + 2*h = -0*h + 137, -3*h = 5*i - 230. Is 12684/i - (-3)/21 a prime number?
False
Let j(t) = -582*t + 173. Is j(-40) prime?
False
Let m = -21910 - -72965. Is m composite?
True
Let y = -76 - 14. Let u be (2 + (y - -2))*-2. Suppose 4*m = 2*h - 170, 3*m + u = -0*h + 2*h. Is h a composite number?
False
Suppose -546*c + 87*c = -607486041. Is c prime?
True
Suppose 0*w = -5*w - 12390. Suppose -31*y - 967 = -347. Is (w/24)/(5/y) a composite number?
True
Let z be (9 + 41/(-5))*5*1. Suppose 10*q + 20 = 5*q. Is -26*74/q + z a prime number?
False
Suppose 5*y - 3*v = 2*y + 30, -4*v + 4 = 0. Is (-2)/y - (4 + (-58303)/77) a composite number?
True
Suppose -4835 = d + b, -b = 5*d - 6*d - 4839. Let g(w) = -114*w**3 - 4*w**2 + 24*w + 18. Let o be g(-4). Let l = o + d. Is l a composite number?
True
Suppose f = -5*f + 216. Suppose -f*t - 9800 = -40*t - 4*g, -4*t + 9794 = -2*g. Is t prime?
False
Let r = -33541 + 69358. Is r a prime number?
False
Let y = 55395 + -14972. Is y a composite number?
False
Let c be ((-136)/16 - -8)*(2 + -2). Suppose -164*y + 168*y - 6244 = c. Is y a composite number?
True
Let q(f) = 140*f - 43. Let c(b) = -b**3 - 7*b**2 - 7*b - 6. Let k be c(-6). Let h(m) = m**3 + 2*m**2 + 2*m + 10. Let d be h(k). Is q(d) a prime number?
False
Is -2 - (-2 + -7) - -138004 prime?
False
Let f be (-1)/7 + (-3 - (-373848)/(-56)). Let m = -4526 - f. Is m composite?
False
Suppose -248*d - 77505 = 236*d - 499*d. Is d a composite number?
False
Let o = 30 + -27. Let c(v) = -5 + 22*v**2 + 7*v - 13*v**2 + v**o + v**2. Is c(9) prime?
True
Suppose -17*n - 7166 + 68132 = 10595. Is n prime?
True
Is (-213965)/(-9) - 103/(-927) prime?
False
Let d(g) = g**3 - 63*g**2 - 70*g - 343. Is d(69) composite?
True
Let s be ((-9)/12)/((-1)/28). Suppose 0 = 5*y + s + 89. Is y/33*(-291)/2 composite?
False
Let k = 170 - 106. Let h = 428 + -301. Let u = k + h. Is u composite?
False
Let v be 103*1 - (2 - (-4 - -6)). Let s = -87 + v. Let t(d) = 86*d + 26. Is t(s) prime?
False
Is 294/252 - 39581/(-6) a prime number?
False
Let w(k) = 11*k**2 + 243*k - 511. Is w(-98) a composite number?
True
Let s(r) be the first derivative of 238*r**3/3 - r**2/2 - 3*r + 160. Is s(2) a composite number?
False
Let r(u) = 1055*u**3 + 7*u**2 + 54*u - 391. Is r(6) a prime number?
False
Let n be 2/8 + 2/(48/64674). Suppose s = 4*c + 1343, 5*c + n = 4*s - 2*s. Is s prime?
False
Suppose -275854 - 60805 = -23*j + 161222. Is j composite?
False
Is (-31)/(-124)*(0 - -323588)*1 prime?
True
Let c(i) = 1530*i + 433. Let t be c(-10). Let p = -7584 - t. Is p a prime number?
True
Let c = -470 + 474. Suppose 29679 = 3*a + 3*o, 4*o = c*a - 22621 - 16983. Is a composite?
True
Suppose k + 149 = -273. Let y = k - -57. Let u = 584 + y. Is u prime?
False
Suppose 0 = 5*t + 7532 - 24222. Suppose 3*r = -g + t, -4221 = -3*g - r + 5817. Is g prime?
True
Suppose 69 - 53 = 8*w. Suppose b + 14501 = 5*a, -5*a - w*b + b + 14509 = 0. Is a prime?
False
Let f(k) = 33*k**2 - 94*k - 